a(h) = -980*h - 1822. What are the prime factors of a(-27)?
2, 97, 127
Suppose -3*n + 356 = -2*h, 0 = h - 2*n + 245 - 65. Let b = 176 - h. List the prime factors of b.
2, 3, 29
Let m = 44 - 48. Let p be (-541)/m - 1/4. Let a = p + -64. List the prime factors of a.
71
Suppose -21*p - 42 = -14*p. List the prime factors of (-396)/12*32/p.
2, 11
Let b be 10/(-4)*(-70)/25. Suppose 0 = v + b*v - 16. Suppose -5*l + 155 = v*z + 3*z, 4*z - l = 104. What are the prime factors of z?
3
Let l be (-14)/(1232/(-206789)) - 1/(-8). Let o = -880 + l. List the prime factors of o.
2, 3, 5, 7
Suppose 40499 - 5078 = s - 2*m, 3*s - m - 106278 = 0. List the prime factors of s.
3, 7, 241
Let k(s) = -32*s - 116 + 148 - s. What are the prime factors of k(-9)?
7, 47
Suppose 4*r - 5 = -1. Let c(w) = -82*w + 4. Let n(p) = -329*p + 18. Let g(q) = -26*c(q) + 6*n(q). What are the prime factors of g(r)?
2, 3
Let o = -594 - -956. Suppose 0 = c - 778 - o. Suppose -5*a - 450 + c = 0. List the prime factors of a.
2, 3, 23
Suppose 11*z + 93536 = 299428 + 342315. What are the prime factors of z?
19, 43, 61
Let w(i) = 56*i**2 + 104*i - 14. What are the prime factors of w(-12)?
2, 19, 179
Let g be 3/((-27)/(-5092)) + (-46)/(-207). Suppose -5*z + g + 1519 = 0. List the prime factors of z.
3, 139
Let c = 20427 + -14244. List the prime factors of c.
3, 229
Let a(d) be the third derivative of d**5/30 - 3*d**4/4 + 5*d**3/6 + 32*d**2. Let n be a(6). What are the prime factors of 2*((-1 - -2) + -3) - n?
3
Let x(m) = 17*m**2 + 75*m - 43. Let u(y) = -4*y**2 - 19*y + 11. Let d(p) = -9*u(p) - 2*x(p). Let h be d(-11). List the prime factors of (17/h*-2)/((-1)/(-3)).
3, 17
Let b(f) = f**3 + 8*f**2 - 20*f + 2. Let p be b(-10). Suppose 3 = -2*g + 11. List the prime factors of (g - 5)/1*p*-20.
2, 5
List the prime factors of 2/40*10*8744.
2, 1093
Suppose -1136983 - 330549 = -46*y - 273786. List the prime factors of y.
25951
Let k be 9/(-63)*-14 - 832/(-2). What are the prime factors of k/4 + 20/40?
3, 5, 7
Let w = 54 + -62. Let p(c) = -c**3 - 13*c**2 - 8*c - 7. Let d(q) = q**3 + 12*q**2 + 9*q + 6. Let y(l) = -4*d(l) - 3*p(l). What are the prime factors of y(w)?
29
Suppose 5*z = r + 49907, -z = 388*r - 383*r - 9971. What are the prime factors of z?
3, 1109
What are the prime factors of ((-40)/(-6))/(524/650022)?
2, 5, 827
Suppose 5*j + 27 = 42. Let m(p) = 0*p**3 - 3 - 19 - 3*p**3 - 17*p**2 + p**j. List the prime factors of m(-9).
59
Suppose 6*f - 79 - 47 = 0. Suppose -16 + 2 = -2*a + 4*d, -3*d = -5*a + f. Let b(s) = -s**2 + 6*s - 4. What are the prime factors of b(a)?
5
Let s = -11816 - -18766. What are the prime factors of s?
2, 5, 139
Let c = -30657 + 47865. What are the prime factors of c?
2, 3, 239
Let u(j) = 12086*j**2 - 7*j - 11. List the prime factors of u(-1).
2, 7, 863
Let q = 55531 - 20489. List the prime factors of q.
2, 7, 2503
Let v(g) = -931*g**3 - 4*g**2 - 2*g + 1. Let n be 1*((-2)/1 + 4 + -3). List the prime factors of v(n).
2, 3, 5, 31
Let x(f) = f**3 - 2*f**2 - 2*f + 1. Suppose -2*d + 8 = -g, 0 = -4*d + g + 4*g + 22. Let o be x(d). Suppose o*w - 96 + 12 = 0. List the prime factors of w.
3, 7
Suppose 43*o = 2*o + 1079337 - 297057. What are the prime factors of o?
2, 3, 5, 53
Let g = -214 - -110. Let n = -178 - g. What are the prime factors of ((-7 - -3) + 3)*(n + 1)?
73
Let n(j) = 138*j - 1299. List the prime factors of n(74).
3, 2971
What are the prime factors of (-112 + 130)/(3/2*8/36978)?
3, 6163
Suppose 275568 = 26*x - 213986. What are the prime factors of x?
19, 991
Let h be 15/(-25)*(-3 + -27). Suppose 3*n = -4*x + 160, -5*x + 0*n = 2*n - 193. Suppose x = y - h. What are the prime factors of y?
5, 11
Suppose -f = -9*f + 82311 + 135721. What are the prime factors of f?
2, 13627
Let r(j) = 26*j**2 - 274*j - 6. What are the prime factors of r(-19)?
2, 3, 11, 13, 17
What are the prime factors of ((-5688)/(-158))/((-6)/(-748))?
2, 3, 11, 17
Let m(u) = 3 - 16*u - 5 - 5 - 16*u. Let x be m(-4). Suppose -2*j - 6*z + z + 76 = 0, -3*j = 4*z - x. List the prime factors of j.
43
Let v(y) = 3*y**3 - 27*y**2 - 17*y + 3. Let p(o) = -o**3 + 14*o**2 + 9*o - 2. Let f(a) = 5*p(a) + 3*v(a). List the prime factors of f(6).
431
Let b(u) = -2*u**3 - 28*u**2 - 9*u + 66. List the prime factors of b(-22).
2, 7, 11, 13
Suppose -4*q - c = -4*c - 22215, 0 = -3*q + 2*c + 16662. Suppose -13*h + q + 15270 = 0. List the prime factors of (-8)/10 + (h/15 - 3).
103
Let u = -40 - -52. What are the prime factors of (112/u - 3)/((-1)/(-6))?
2, 19
Let t = -44457 + 98086. What are the prime factors of t?
53629
Let l = -25195 + 35995. List the prime factors of l.
2, 3, 5
Let q(z) = -2*z**3 + 21*z**2 - 13*z + 26. Let t be q(10). What are the prime factors of 53716/104 + (-2)/t?
11, 47
Let l = 16 - -4. Suppose 10*r = 5*r + l. Suppose -42 = -r*d + 22. What are the prime factors of d?
2
Let h(x) = 204*x**2 + 281*x + 11. List the prime factors of h(-6).
5669
Let q = 43342 + -19811. Suppose 31*d - q - 6353 = 0. List the prime factors of d.
2, 241
Let j be (0 - (-15)/9)*(-6)/(-5). Suppose 0*b + 5*b + j*g - 2811 = 0, 2*g = -b + 567. What are the prime factors of b?
3, 11, 17
What are the prime factors of 10/55 + (-2694000)/(-176)?
15307
Let b be (81/270)/(2/20). Suppose 0 = b*u - 1213 - 2855. What are the prime factors of u?
2, 3, 113
Suppose -12*t + 15*t - 450 = 0. Let d = 194 + t. List the prime factors of d.
2, 43
Let w be (-2)/((((-15)/6)/(-5))/5). Let t = w - -77. Suppose -3*a - 2*a = 4*h - t, -a + 1 = 0. List the prime factors of h.
13
Suppose -6*v + 2*i + 48 = -v, -3*v = -2*i - 28. Suppose 5*p - 3*p - v = 0. Let f(z) = 2*z**2 + 6*z + 4. What are the prime factors of f(p)?
2, 3, 7
Let f be ((-6)/4)/(21/(-14)). Let x be 3/f*(-426)/(-6). Let r = -41 + x. What are the prime factors of r?
2, 43
Let i(l) be the first derivative of l**3/3 - 7*l**2 + 22*l + 1. Let q = 485 - 492. List the prime factors of i(q).
13
List the prime factors of ((-138)/1587 - (-48)/23)/(4/1006).
503
Suppose -25*o - q + 1479 = -20*o, 5*o = 4*q + 1484. Let d = o - -342. List the prime factors of d.
2, 11, 29
Suppose 0 = 7*d - 14*d + 35. Suppose -629 - 186 = -d*c - 5*p, 2*p - 162 = -c. Suppose -2*i - 3*r = -119 + 8, 3*i + 4*r = c. List the prime factors of i.
2, 3
Suppose -279282 + 246542 - 527622 = -22*y. List the prime factors of y.
25471
Let v(f) = -624*f - 22. Let b be v(-1). Suppose b = 2*d - 2234. What are the prime factors of d?
2, 709
Let j be 8*2/4 - 10. Let o be (-1 - (-95)/(-15))*j*6. Suppose 2*g + 0*g + o = 4*b, 0 = -4*b + 5*g + 252. What are the prime factors of b?
2, 17
Let r be (-4080)/168 + (-2)/(-7). What are the prime factors of 539 - 5*r/(-40)?
2, 67
Let p(s) = 2*s**3 + 14*s**2 - 4*s - 6. Let o be p(-10). Let k = o + 1368. What are the prime factors of k?
2, 401
What are the prime factors of ((1 - 3)/(1/3533))/(-1)?
2, 3533
List the prime factors of (28026/692)/(((-21)/1944)/(-7)).
2, 3
Let g(l) be the second derivative of 37*l**3/3 + 3*l**2/2 - 8*l. Suppose -6*p + 10*p = 12. What are the prime factors of g(p)?
3, 5
Let m = -81 - -85. Suppose 2 + m = -3*w, 2*g = -3*w - 6. Suppose 5*n + 2*d - 4*d - 371 = g, -d = 5*n - 377. List the prime factors of n.
3, 5
Let q = -9191 - -15773. What are the prime factors of q?
2, 3, 1097
Let o = 42 + -40. Let m = o - -8. Suppose -m*j + 4*j + 348 = 0. List the prime factors of j.
2, 29
Let u(h) = 3*h**2 - h + 8. Let j be u(-3). Suppose -35*x + 18 = -j*x. What are the prime factors of (-740)/15*9/x?
2, 37
What are the prime factors of (233 - -61)*(-1 - (-349)/2)?
3, 7, 347
Suppose 0 = 6*f + 1345 + 179. Let g = f + 381. What are the prime factors of g?
127
Let l be (-3 - 1) + 2 + (-1 - -992). Suppose -11*s + l = 12*s. List the prime factors of s.
43
Let b(j) = 30*j - 200*j - 10 + 8*j**2 + 109*j. What are the prime factors of b(15)?
5, 7
Suppose 4*f - 113 = 2*v + 365, 3*v + 689 = -f. Let y = v - -484. List the prime factors of y.
11, 23
Let t(d) = 20*d + 10. Let g be -6*1*5/(-15). Let p be t(g). Let q = 3 + p. List the prime factors of q.
53
List the prime factors of (-30)/6*(31 - 1690).
3, 5, 7, 79
Let q be (0 - (-6)/(-9))/((-37)/48618). Suppose z = u + q, 2*u = -z + 5*u + 868. What are the prime factors of z?
2, 5, 11
Let o(m) = m**2 - 8*m + 9. Let x(u) = -8*u + 9. Let z(p) = 3*o(p) - 4*x(p). Let k b